2/2 - 3*r - 5. Calculate z(4).
1
Let y(s) be the first derivative of s**3 - 2*s - 2. Determine y(2).
10
Let i(s) = s - 8. Let a be i(4). Let t(d) = -4 + 1 - d**3 - d - 2 - 4*d**2. Calculate t(a).
-1
Let r(x) = x - 1. Let s = -15 + 7. Let d(u) = u**3 + 8*u**2 + u + 9. Let m be d(s). Determine r(m).
0
Suppose 0 = 5*r - 13 - 42. Let u = r + -7. Let m(a) be the second derivative of -a**5/20 + 5*a**4/12 - 2*a**3/3 + 5*a**2/2 + 2*a. Calculate m(u).
5
Let r(h) be the third derivative of -h**5/10 - h**4/24 - h**3/6 - 7*h**2. Calculate r(-1).
-6
Let g(o) be the first derivative of o**2 + 6*o + 7. Let f be g(-4). Let n(m) = 5*m - 3*m - 5*m. Determine n(f).
6
Let l = 5 + -5. Let d(u) be the first derivative of u**4/12 + u**3/6 + 9*u**2/2 - u - 1. Let g(o) be the first derivative of d(o). What is g(l)?
9
Let q(v) = 2*v**3 - 2*v**2 - v. Let c = -9 - -13. Suppose -4 = -4*t + c. Let m be (-1 + 3)/(t - 1). Determine q(m).
6
Let s(b) = 4*b**2 - 2*b + 4. Let p(a) = 9*a**2 - 4*a + 7. Let j(v) = -3*p(v) + 5*s(v). Let f be (2 - 7) + 6/1. Calculate j(f).
-6
Let r(z) = z**3 + 5*z**2 + 5*z + 6. Let q be -2*(3 - 1) + -1. What is r(q)?
-19
Let v be (-56)/(-12) - (-2)/(-3). Let h(p) = -p**2 + 4*p + 3. Calculate h(v).
3
Let v(a) be the second derivative of -a**6/360 - a**5/30 + a**4/24 - a**3/2 - 2*a. Let z(y) be the second derivative of v(y). Calculate z(-4).
1
Let l(d) be the third derivative of -4*d**2 - 5/24*d**4 + 0 + 1/60*d**5 + d**3 + 0*d. What is l(4)?
2
Suppose 5*q = b + 2*b - 24, -q - 14 = 4*b. Let m(j) = j**2 + 6*j - 8. Give m(q).
-8
Let f(h) = 2*h + 1. Let m(t) = -2*t**3 - t**2. Let w be m(-1). Let a be w*3/(-6)*2. Give f(a).
-1
Let j(v) = -v**3 + 6*v**2 + 3*v - 1. Suppose -k - 1 + 7 = 0. Determine j(k).
17
Let z(h) = -1 - 4*h + 7*h + 0. Let u(a) be the second derivative of -a**4/12 + 7*a**3/6 + 3*a**2/2 + 5*a. Let k be u(7). Determine z(k).
8
Let w be ((-8)/10)/(3/15). Let v be 10/w*(-8)/5. Let r(b) = b**2 - 7*b + 6. Calculate r(v).
-6
Let l(o) = -2*o**3 - o**3 + 2*o**3. Suppose -10*d = -12*d. Determine l(d).
0
Let o(k) be the third derivative of -k**6/120 + k**5/20 + k**4/8 + k**3/2 - 3*k**2. Determine o(3).
12
Let s(n) = -3*n + 4*n - 4*n. Calculate s(-2).
6
Let t(s) = -s - 1. Let g be (-6)/(-9)*(6 + 0). Suppose 4*z - z - 4*h = 5, 5*z = g*h - 5. Calculate t(z).
4
Let d(t) = 4*t - 24. Let v be d(7). Let c(f) = -f**2 + 6*f + 1. Determine c(v).
9
Let j(w) = w**2 - 4*w + 6. Let r = 14 - 9. Calculate j(r).
11
Let j(f) = -9*f**2 + 1. Suppose -2*k = 4*z + 4, 0*k - 2*z - 14 = 3*k. Suppose 2*l - 28 = 4*a + l, a - 5*l + 7 = 0. Let u = a - k. Give j(u).
-8
Suppose 20 = 5*u - u. Suppose 4 = -5*l + 3*n + 2, -5*l + 5*n = 10. Let t(m) = 6 - m**2 - l - 2*m + 5*m. What is t(u)?
-6
Let f(k) = k**3 - 6*k**2 + k - 7. Let v be 153/27 + 4/(-6). Let r(m) = -2*m + 1 - 2*m - 4*m**2 + 4*m**3 - 3*m**3 + 0*m**3. Let l be r(v). Determine f(l).
-1
Let h(i) = 4*i**2 + 3*i - 1. Let w(r) = 9*r**2 + 5*r - 2. Let d(m) = 7*h(m) - 3*w(m). Determine d(-4).
-9
Let q = -35 + 30. Let w(o) = o**2 - 5*o - 2. Let a be w(6). Let y(t) = a + 3*t + 0 + 0*t**2 + t**3 + 5*t**2. Calculate y(q).
-11
Let c(y) = -4*y - 3. Let k(g) = -5*g - 3. Let z(v) = -4*c(v) + 3*k(v). Let a(t) = -t - 2. Let d(x) = -5*a(x) - 3*z(x). Suppose 0 = 4*n + 28 - 12. What is d(n)?
-7
Let j be -2 + (-8)/(-12) + (-16)/(-3). Let o(a) = a**3 - 5*a**2 + 2*a + 5. Give o(j).
-3
Let d(n) be the first derivative of 1/3*n**3 + 1/4*n**4 + 1/60*n**5 + 0*n - 2*n**2 + 2. Let h(o) be the second derivative of d(o). Determine h(-5).
-3
Suppose j + 3*j - 24 = 0. Let k be 14/j - 4/12. Let q(p) = -2*p + 2. What is q(k)?
-2
Let n(y) = -2*y**3 + 2*y**2 + y + 1. Let q be n(2). Let v(b) = -b**3 - 3*b**2 + 8*b + 3. What is v(q)?
13
Let a(w) be the first derivative of -w**3/3 - 3*w**2/2 + 4*w + 2. Suppose -6*c + 18 = 48. Calculate a(c).
-6
Let l(n) = 6*n**2 - 295*n + 1 + 142*n + 151*n. Give l(1).
5
Let x(f) = -2*f - 6. Let a(m) = -4*m - 13. Let q = -3 + 6. Let l(w) = q*a(w) - 5*x(w). Determine l(-6).
3
Let y(m) = -m**2 + 6*m - 6. Suppose o - 2*o + 128 = 0. Suppose -2*d + o = 2*d. Let p be ((-6)/4)/((-12)/d). What is y(p)?
2
Let k(n) = -n**3 + 5*n**2 - n + 7. Let t be k(5). Suppose -t = l + l. Let f(a) = -2*a**3 - 2*a**2 - 2*a - 1. Give f(l).
1
Let a = -123 - -123. Let u(l) = l**2 + 33. Calculate u(a).
33
Suppose 0 = 4*y + 20, y - 10 = -5*k - 5. Let t(q) = -k*q + 1 - 4*q**2 - 4*q + 5*q**2 + 2*q. What is t(2)?
-3
Let s(y) = -14*y**3 + 2*y**2 - 4*y - 20. Let x(r) = 5*r**3 - r**2 + r + 7. Let d(f) = -6*s(f) - 17*x(f). Calculate d(6).
7
Let o(t) be the second derivative of t**4/4 - t**3/6 + t**2/2 - 4*t. Calculate o(1).
3
Let s(l) = -2*l**2 - 3*l - 1. Let h(b) = -b + 10. Let f = 38 + -26. Let d be h(f). Determine s(d).
-3
Let l(y) = y - 2. Let j(x) = 2*x + 5 - x - x - 2*x. Let v(r) = 2*j(r) + 5*l(r). Calculate v(-1).
-1
Let s(x) = x**3 + 4*x**2 - 4*x + 7. Let w = -22 + 17. Calculate s(w).
2
Let z(c) be the first derivative of -1/3*c**3 - 5/2*c**2 + 2*c - 6. Determine z(-4).
6
Let u(r) = -r - 4 + 9 - 25*r + 18*r - r**2. What is u(-8)?
5
Let s be ((-28)/(-8) - 4)*-4. Let g(h) = -h**3 + h**2 - h + 1. What is g(s)?
-5
Let g = 7 + -5. Let z(p) = -3 + 2 - 2 + p. Let b be z(g). Let x(v) = 2*v**2 - 1. Give x(b).
1
Let k be ((-56)/6)/(-7)*9/(-6). Let n(y) = -2*y**3 - 2*y**2 - 3*y - 1. What is n(k)?
13
Let l = -6 + 11. Suppose u + 4 = 4*v, -l*u + 0*u = -3*v + 20. Let m(t) = t**3 + 2*t**2 - 5*t. Determine m(u).
-12
Let m(r) be the first derivative of r**3 + 3*r**2 - 3*r - 1 - 1/4*r**4. Let c = -39 - -43. What is m(c)?
5
Let n(j) = -3*j**2. Let k be -2*(2/(-4))/(-1). Let y be n(k). Let g(x) = x**3 + 4*x**2 + x. Determine g(y).
6
Let w be (-3)/((-12)/44) - 2. Let r(n) = -n**2 + 8*n + 10. What is r(w)?
1
Let k be -4 - -2 - (-4)/(-6)*-3. Let s(q) = q**2 + 10. Give s(k).
10
Let m(c) = -c - 7. Let b be m(-8). Suppose 4*n = -16, -2*n - b - 7 = -f. Let h(r) = -r**2 - r + 4. Let o be h(f). Let u(d) = d - 1. Determine u(o).
3
Suppose -13 = -j - 6. Let c(k) = -k + 10. Let b be c(j). Let d(z) = z - 4. Determine d(b).
-1
Let z(s) = -s - 3. Let j be z(-3). Suppose j = -5*w - 0*w + 5. Let q be (-1)/(-2) + w/2. Let r(d) = 9*d**2 - 2*d + 1. Give r(q).
8
Let h(j) = j + 8*j - 5 - 8*j - 1. Determine h(8).
2
Suppose -4*u + 10 = -5*w + u, 4*u - 35 = -5*w. Let r(p) = -p**2 + 2*p. Determine r(w).
-3
Let x(i) = i**3 + 2*i**2 + 2*i - 1. Let a = 1 + -3. Let t be x(a). Let z(g) = 7*g + g - 5 - 4*g**2 + g**3 - 2*g - 2*g**3. What is z(t)?
-10
Let z(y) = -y - 1. Let k be z(0). Let a(o) = 4*o**2 - 2*o - 1. Give a(k).
5
Let x(m) = 6*m + 11. Let g(c) = 3*c + 5. Let s(n) = -13*g(n) + 6*x(n). Give s(1).
-2
Let r = -3 - -3. Let j(q) be the first derivative of -q**4/4 - q**3/3 + 4*q + 11. Calculate j(r).
4
Let b(h) = -h**3 + 5*h**2 - 5*h + 6. Let z be (2 - 2 - -1)*-2. Let g = 6 + z. What is b(g)?
2
Let s(k) be the first derivative of -k**4/4 + 5*k**3/3 + 9*k**2/2 - 5*k - 18. What is s(6)?
13
Let g(q) = -3*q**3 + q. Let u(v) = -v. Let d be u(1). Let m be 0 + d*2 - -3. Give g(m).
-2
Let w(z) be the first derivative of -z**4/4 - 4*z**3/3 - z**2 + z - 1. Let s = 12 + -14. Determine w(s).
-3
Let i(f) be the first derivative of 10*f**3/3 - f + 6. Determine i(-1).
9
Suppose -3*q + 5*j = -36, 2*q - 8*j = -3*j + 24. Suppose -h - q + 0 = -3*p, -4*p + 3*h = -11. Let l(g) = g. Give l(p).
5
Let u(n) be the third derivative of -n**8/20160 - n**7/1260 + n**6/360 - n**5/60 + n**2. Let q(g) be the third derivative of u(g). Give q(-3).
5
Let f = -3 - -8. Let i = -1 + f. Let o be 0 + 10/i*2. Let g(h) = -h - 2. What is g(o)?
-7
Suppose 5*m + 38 = 2*c, 4*c = 3*m - m + 28. Let o(s) be the third derivative of s**4/24 + 7*s**3/6 + 2*s**2. Determine o(m).
1
Let w(s) = 3*s**2 + 8*s + 8. Let l(v) = -4*v**2 - 9*v - 9. Let h(k) = 4*l(k) + 5*w(k). Calculate h(6).
-8
Let n(y) = -y**3 + 6*y**2 - 6*y + 1. Let q(b) be the third derivative of -b**4/24 + b**3/6 + 5*b**2. Let r be q(-4). What is n(r)?
-4
Suppose -2*i - 3*x = -4*x - 1, -2*x + 2 = 0. Let z(p) = 4*p**3 + p**2 - p. Calculate z(i).
4
Let z(b) = b**2 - 5. Let q = -136 - -136. What is z(q)?
-5
Let a(l) = -l**2 + 2*l - 2. Let q(o) = -2*o - 12. Let w be q(-7). What is a(w)?
-2
Suppose t = -2*u + 2*t + 14, -u - 3 = -3*t. Let z(p) = -p**3 + 10*p**2 - 11*p + 12. Determine z(u).
-6
Let m(